2628, 5*v - 490 = -r + 796. Let g(i) = -73*i - 798. Let s be g(-11). Suppose s*p - r + 136 = 0. What is the hundreds digit of p?
2
Let v(k) = 2*k + 28. Let a be v(-9). Suppose 0 = -5*f + a*s - 5*s + 1045, 4*f + s = 846. What is the hundreds digit of f?
2
Let v(l) = 127*l + 4237. What is the hundreds digit of v(-20)?
6
Let o(j) = -61*j + 8. Let s be o(1). Let c = s - -52. What is the units digit of c/(5/(-15))*33?
9
Let i(o) = o**2 - 7*o - 4. Let g be 780/14 + 6/21. Suppose g = 2*f - 9*f. What is the hundreds digit of i(f)?
1
Let g(u) = 2*u**3 - 146*u**2 + 35*u - 259. What is the tens digit of g(74)?
8
Let f = 1464 - 825. Let t = f - 228. What is the hundreds digit of t?
4
Suppose -32*m = -27*m - 8175. Let w = m - 1141. What is the units digit of w?
4
Let x(c) = -298*c + 53. Let d be x(-2). Let j = 1268 - d. What is the tens digit of j?
1
Suppose -2*t + 3*a + 2820 = -13034, -5*t - 5*a = -39560. What is the tens digit of t?
1
Let u be 525/9 + (-21)/9. Let a = u - -307. What is the hundreds digit of a?
3
Suppose -2*b - h + 58315 = 0, -12318 - 133420 = -5*b + 3*h. What is the units digit of b?
3
Let n(a) = 326*a**3 + 4*a**2 + 115*a - 498. What is the ten thousands digit of n(4)?
2
Let a = 33 - 34. Let z be (0 + 4)*a + 4. Suppose -3*k - 4*o = -k - 122, z = -3*k - 3*o + 174. What is the tens digit of k?
5
Let m be (-1)/(116/(-56) + 2). Let w be (m/7)/(3/6). Suppose w*t + 3*p = -t + 119, -5*t - 2*p + 116 = 0. What is the units digit of t?
2
What is the thousands digit of (-6)/8*-64*(3716/(-6))/(-1)?
9
Suppose 3*c - 3172 = -4*i, 6*c - 4*i = 2*c + 4192. Suppose 0 = -2*j - 2*j - 4*d + 2108, -2*j - 4*d = -c. What is the tens digit of (j/(-8))/(12/(-3) + 2)?
3
Let u(j) = 243*j - 12. Let d = 139 + -136. What is the hundreds digit of u(d)?
7
Let y(d) = -1970*d**3 - 2*d**2 + d + 1. Let o be y(-1). Suppose -4*t - s = -o, -3*t + 1465 = s - 3*s. What is the tens digit of t?
9
Let c(k) = 11*k**2 + 11*k. Let o be c(-1). Suppose z = 5*m + 262, -2*z - 5*m + 49 + 400 = o. What is the hundreds digit of z?
2
Let u(n) = 1036*n**2 + 17*n - 24. What is the hundreds digit of u(5)?
9
Let a = -384 + 10007. What is the tens digit of a?
2
Suppose -5*z + 25 = 3*n - 0*n, -n = -4*z + 20. Let o(m) = 8 - 30*m - 3 + z - 2. What is the units digit of o(-3)?
8
Let r(c) be the third derivative of -1/60*c**5 + 0 - 7/2*c**3 - 11*c**2 + 0*c - 11/24*c**4. What is the units digit of r(-6)?
9
Let a be (176/616)/(1/189). Suppose -5*l - 79 = -a, -4*g - 2*l + 2690 = 0. What is the hundreds digit of g?
6
What is the thousands digit of (-747 - -741) + (0 - -36404)*1?
6
Let v = 30575 + -21723. What is the thousands digit of v?
8
Let r = 246706 - 175426. What is the units digit of r?
0
Suppose -16 = -5*o - 3*s, -4*o + 3*s + 14 = 5*s. Suppose -o*a + 2015 = 4*n, 5*a - 1385 = 4*n + 630. Let i = a - 220. What is the tens digit of i?
8
Suppose -5553 = -3*s + 2235. Let t = s + -1176. What is the units digit of t/8 + (-1)/(-2)?
8
Suppose -33*b + 3*f = -28*b - 53370, 2*b - f = 21349. What is the ten thousands digit of b?
1
Let j = -4182 - -15578. What is the hundreds digit of j?
3
Let z(p) = -6*p**3 + 3*p**2 + 2*p - 3. Let w be z(-2). Let i = w - 51. Suppose 0 = -2*v - 2*b + 102, i*b + 2*b = 4*v - 244. What is the units digit of v?
6
Let y(z) be the second derivative of -3*z**3/2 - 53*z**2/2 - 152*z. What is the hundreds digit of y(-39)?
2
Suppose -3*d - 17 + 29 = 0. Suppose -5*h = -3*w + 3084, d*w + 134 = 3*h + 1991. Let l = 861 + h. What is the hundreds digit of l?
2
Let t(h) = h**2 + h - 23. Let r be t(6). Suppose 5*i - r = 3*p - 0*i, -2*p - 16 = -4*i. Suppose -o = -p*o + 2*f + 187, 2*f = 0. What is the units digit of o?
7
Let q(r) = -r**2 - 13*r + 24. Let h be q(-13). Suppose 14*f - 18696 = -h*f. What is the units digit of f?
2
Suppose -3*s - 21 = -10*s. Suppose -2*w - q - 16 = 0, s*q = q. What is the tens digit of (-326)/(-10) + w/(-20)?
3
Let h be (1 - -2)*(-3 - -4). Suppose -1711 = -d - h*d - 3*p, 5*d - 5*p - 2165 = 0. Suppose -2*j - 2*u = -d, 0 = 6*u - 3*u - 15. What is the units digit of j?
0
Let x = -10 - -6. Let c(m) = -m**3 + 6*m**2 + 9*m + 13. What is the units digit of c(x)?
7
Let b = 77 + -28. Let l = -46 + b. What is the units digit of (l/(-2))/(2/(728/(-3)))?
2
Suppose 13*o - 242 - 18 = 0. Suppose -4*g = o, u - 23*g = -24*g + 519. What is the hundreds digit of u?
5
Let j(i) = -i**3 - 4*i**2 + 2*i + 10. Let a be j(-4). Suppose 3 + 3 = a*v + d, 5 = v + d. Suppose v = r + 2*o - 9, 4*r = 3*o + 7. What is the units digit of r?
4
Suppose c - 3*v = 608, 3*c - 5*c + 1238 = 5*v. Let o = c + -418. What is the hundreds digit of o?
1
Let d(u) = -16194*u + 12. Let k be d(-2). What is the hundreds digit of k/64 - 9/(-12)?
5
Suppose 6*v - 13*v = -175. What is the units digit of (1 + (-15)/v)*(-1985)/(-2)?
7
Let w be 2/(3 + -4) + 26. Let x = -19 + w. Suppose -x*s = -207 - 123. What is the units digit of s?
6
Suppose -99*b + 605181 = -93813 - 9648. What is the hundreds digit of b?
1
Let k = 21 + -28. Let a = k - -11. What is the tens digit of 6/a*(-176)/(-6)?
4
Suppose 5*v + 2*y = 303444 - 72709, -4*y + 20 = 0. What is the ten thousands digit of v?
4
Suppose 0 = 2*o + w + 620, -2*o + w - 612 = 4*w. What is the tens digit of o/130*(-1 - (-26)/(-4))?
1
Suppose 0 = 5*a - 3*t + 1032, -5*a = -a - t + 827. Let f = 80 - a. What is the hundreds digit of f?
2
Let z(f) = f**3 - 13*f**2 + 22*f. Let j = -74 - -85. Let n be z(j). Suppose 47 = 3*v - q - 41, n = 4*v + 2*q - 134. What is the tens digit of v?
3
Let f(c) be the third derivative of 3*c**5/20 + 7*c**4/12 - 5*c**3/2 - 116*c**2. What is the units digit of f(8)?
3
Let x = -1708 - -1806. Let d be 20/(-6)*12/10. What is the units digit of -1 + x - ((d - -1) + 1)?
9
Suppose 2*h = -0*h - 4*m + 6, -4*m = 3*h - 3. What is the tens digit of (-4)/(-90)*h - (-5397)/315?
1
Let r be (1 - 2) + (10 - 4). Suppose 0 = 2*y - 0*p - 5*p - 33, -r*y + 25 = -p. Suppose -5*f + 0*a + 777 = y*a, 324 = 2*f - 5*a. What is the units digit of f?
7
What is the thousands digit of 6/(-8) + -159*(-22415)/60?
9
Suppose 2*g - 6 = -3*g + 4*l, -11 = -4*g - 3*l. Suppose -g*s - 4 - 9 = -a, -2*s + 3*a - 11 = 0. What is the tens digit of (20 - 2)/(-2)*s?
6
Let i = -1 + 4. Suppose -123*y + 125*y - 4 = 0. Suppose i*t - 272 = y*j, -t - 3*j + 18 + 58 = 0. What is the units digit of t?
8
Suppose -19*c = -15*c - 4, 32876 = 4*n + 4*c. What is the thousands digit of n?
8
Suppose -71*i + 72*i - 46447 = 5*o, -232256 = -5*i + 4*o. What is the units digit of i?
2
Let w(k) = -k**3 - 3*k**2 - 4*k - 1. Let y = 106 + -108. Let x be w(y). Suppose -5*a = -5*v + 595, x*v + 4*a - 550 = -2*v. What is the hundreds digit of v?
1
Let p be 12/(-20) - 4206/(-10). Let c = p + -159. What is the hundreds digit of c?
2
Suppose 0 = -19*a + 414 + 289. What is the hundreds digit of ((-112)/3)/(a/(-1776))?
7
Let f(m) = 74*m**3 + 5*m**2 + 40*m - 15. What is the thousands digit of f(6)?
6
Suppose 11*p + 18423 = 48772. What is the units digit of p?
9
Suppose 33*m - 61710 = -40990 + 44455. What is the units digit of m?
5
Let x(f) be the second derivative of f**4/12 - f**3/6 - f**2/2 - 26*f. Let c(v) = -6*v**2 - 6*v + 6. Let o(b) = -c(b) + 2*x(b). What is the units digit of o(5)?
2
Let p(a) be the second derivative of -17*a**4/24 - 14*a**2 - 3*a. Let q(z) be the first derivative of p(z). What is the hundreds digit of q(-14)?
2
Let n(w) be the first derivative of w**4/4 - w**3 - 3*w**2/2 - w + 134. Suppose -2*u + 0*u = -8. What is the units digit of n(u)?
3
Suppose -4*q = 156*p - 151*p - 59203, 5*q = p + 74040. What is the tens digit of q?
0
What is the tens digit of 20336 - (6 - -20*9/(-15))?
4
What is the hundreds digit of 5 + (11/(121/(-22)) - (-12100)/1)?
1
Suppose -56 = 5*r - 76. Suppose 0 = 3*a - 4*m - 23, 4*m = a + m - 11. Suppose -r*f + 364 = a*c, 4*f + 12 = f. What is the units digit of c?
6
Let d(y) be the third derivative of 71*y**5/20 - y**4/24 - 55*y**2 - 2*y. What is the units digit of d(-1)?
4
Let s = 183 - 183. Suppose s*p + 1635 = 4*b - 5*p, 0 = 5*b + 3*p - 2053. What is the hundreds digit of b?
4
Suppose -3*x = a - 3262, -13*x + 8*x + 5436 = 2*a. What is the units digit of x?
8
Suppose -15*v + 21*v = 18204. What is the hundreds digit of v?
0
Suppose -3*o + 2*v + 451 = -0*v, -3*o = -4*v - 455. Let w = 285 + o. Suppose